 + 20212?
211120000
In base 9, what is -453 - 1514?
-2067
In base 2, what is 11001111010 - 100010100011110110000?
-100010100000100110110
In base 11, what is 139a - 24a74?
-23685
In base 4, what is -1130303 + 13302221?
12111312
In base 11, what is 5 + -1358170aa?
-1358170a5
In base 8, what is 4 + -12761143?
-12761137
In base 10, what is -163656 - 11?
-163667
In base 13, what is -80939b4 + -3?
-80939b7
In base 8, what is -1212 + -25717?
-27131
In base 8, what is -200 - -1311633?
1311433
In base 6, what is -20 - -130352135?
130352115
In base 10, what is 117912 + -71?
117841
In base 16, what is 106 + -f3c20?
-f3b1a
In base 13, what is 5 + -2344184?
-234417c
In base 7, what is 153 + -1131063?
-1130610
In base 3, what is 10012211 - 10200221?
-111010
In base 14, what is -232b61d + -4?
-232b623
In base 11, what is 135193 + 41?
135224
In base 12, what is 200583 + -962?
1bb821
In base 9, what is 408226033 - 5?
408226027
In base 2, what is -1111001100001101010111 - 11010?
-1111001100001101110001
In base 12, what is 21aa4 + 1b5?
22099
In base 2, what is -111111101 - -111111000010?
110111000101
In base 10, what is -297 + -19208?
-19505
In base 15, what is 1a7ed4 + -10?
1a7ec4
In base 4, what is 100 + -20130323123?
-20130323023
In base 3, what is 2102210 - -121010?
10000220
In base 16, what is -40d1f - -9?
-40d16
In base 5, what is 1 - 12234101020?
-12234101014
In base 9, what is -3523 - 3036?
-6560
In base 7, what is 632 - -355241?
356203
In base 9, what is -2038 - -1072163?
1070124
In base 5, what is 1004302 - -42104?
1101411
In base 10, what is 1341 - -176886?
178227
In base 2, what is -100 - -1110100100111101110010011?
1110100100111101110001111
In base 9, what is 201180 + -12012?
178167
In base 5, what is 133 + -20421023?
-20420340
In base 10, what is 5380461 - -151?
5380612
In base 14, what is -b7 - -1543d?
15366
In base 11, what is -476 - -193777?
193301
In base 10, what is 32123382 - 1?
32123381
In base 13, what is 4 + 2381ca?
238201
In base 8, what is 3041 + -13526?
-10465
In base 5, what is 2121 - -2004?
4130
In base 4, what is 12 + -1110200201133?
-1110200201121
In base 8, what is 261645 - -1262?
263127
In base 9, what is -12865 + 3305?
-8560
In base 9, what is -108 - 205248?
-205357
In base 2, what is -100001 - 10100001111110101010011?
-10100001111110101110100
In base 15, what is 16 + -1071c2?
-1071ab
In base 8, what is -121753525 + -5?
-121753532
In base 9, what is 4 - -1280?
1284
In base 7, what is 1615605 + -2?
1615603
In base 6, what is -413 + -2441141?
-2441554
In base 16, what is -22c4 - 424?
-26e8
In base 11, what is 1315139 + -4?
1315135
In base 4, what is -3111323 + -323?
-3112312
In base 11, what is -37 - -1434a083?
1434a047
In base 4, what is -11 - 101120303130?
-101120303201
In base 2, what is 11101101111111001 + -1111101?
11101101101111100
In base 3, what is 1022110202222 + 22002?
1022111002001
In base 12, what is 49261b - 28?
4925b3
In base 15, what is 3800d + 616?
38624
In base 14, what is 655c24 + 3?
655c27
In base 4, what is 11 - 312032312321?
-312032312310
In base 14, what is 4542034 + -8?
454202a
In base 16, what is -5524cd2 - 0?
-5524cd2
In base 13, what is -8b4 - 761?
-1345
In base 2, what is -1001011011 + -1011000000000?
-1100001011011
In base 6, what is 114053 + -351?
113302
In base 16, what is 9f8e70 - 35?
9f8e3b
In base 14, what is -1a6 + 147d6b?
147ba5
In base 14, what is -226c8 + 4190?
-1c538
In base 7, what is 3626 + -3211351?
-3204422
In base 5, what is -201300124 - 24?
-201300203
In base 2, what is -110 + 1100110100100111000000111?
1100110100100111000000001
In base 13, what is -34 + 2540c?
253a8
In base 6, what is 130 - 245040351?
-245040221
In base 8, what is -3455022 + -1554?
-3456576
In base 6, what is 1 - -344531415?
344531420
In base 15, what is -5 + 139c4c8?
139c4c3
In base 5, what is 104204010112 - -2?
104204010114
In base 6, what is 1 - 1003401415?
-1003401414
In base 11, what is -4480 - -536?
-3a45
In base 3, what is 2011002101211 - 11?
2011002101200
In base 7, what is -13 - -4125502?
4125456
In base 16, what is -16 + -25508ce?
-25508e4
In base 10, what is 3 + 9405634?
9405637
In base 5, what is -10432 - 13014343?
-13030330
In base 11, what is 751a821 + -7?
751a815
In base 13, what is -104867 + -108b?
-105925
In base 11, what is -7648 + 1230?
-6418
In base 8, what is -1454 + 36241?
34565
In base 15, what is -72 - -822284?
822212
In base 15, what is 3381c + 41?
3385d
In base 16, what is -1a8a84f + -1?
-1a8a850
In base 13, what is 1416 + 629a4?
640ba
In base 5, what is 431 - 341101144?
-341100213
In base 10, what is -58 + -4115268?
-4115326
In base 15, what is 5 + -9da0a6d?
-9da0a68
In base 12, what is 10738 - -106?
10842
In base 2, what is -101111001 - 10011010011?
-11001001100
In base 8, what is -254435176 - 3?
-254435201
In base 16, what is -794dfa + -55?
-794e4f
In base 2, what is 101001100 + -11111000110111?
-11110011101011
In base 14, what is 5a253a4 + 1?
5a253a5
In base 5, what is -3030441244 - -121?
-3030441123
In base 16, what is 223c38 + -7?
223c31
In base 11, what is 9 - -553118a?
5531198
In base 5, what is -21134 + -12103212?
-12124401
In base 9, what is -3478022 + 10?
-3478012
In base 4, what is 30010120 + -11013?
23333101
In base 2, what is -10010101001000111100010110 - -11?
-10010101001000111100010011
In base 6, what is 301505 + -403?
301102
In base 12, what is -3 + 671b7a3a?
671b7a37
In base 4, what is 1312233133 - -223?
1312300022
In base 6, what is -20223 + 24023?
3400
In base 4, what is -2 - 10001123002?
-10001123010
In base 12, what is 4 - 290533b?
-2905337
In base 4, what is -10 + -3332113222210?
-3332113222220
In base 7, what is -2 - -15336322?
15336320
In base 16, what is -4 - 9eec9d?
-9eeca1
In base 8, what is -5 + 230077346?
230077341
In base 12, what is -1447 + -22723b?
-228686
In base 8, what is 22 - -372065?
372107
In base 3, what is -1202122212 + -210201020?
-2120101002
In base 13, what is -112c38 - -2?
-112c36
In base 16, what is -207d5b0 + -1?
-207d5b1
In base 4, what is 301010101232 - 30?
301010101202
In base 2, what is -1010100010010101 - -100111100?
-1010011101011001
In base 9, what is -24 - 36700?
-36724
In base 9, what is -14278 - 1000?
-15278
In base 7, what is -23 - 3235422?
-3235445
In base 4, what is -110 - -332320201?
332320031
In base 8, what is 0 + -1416346?
-1416346
In base 11, what is -5 + -35508058?
-35508062
In base 5, what is -13300103 + -3331?
-13303434
In base 16, what is -588 - 5be?
-b46
In base 16, what is 1f + -67cf5?
-67cd6
In base 8, what is -1574 + -36261?
-40055
In base 8, what is -7631 + -3440?
-13271
In base 7, what is 12 - 12602146?
-12602134
In base 14, what is -95 - -202d81?
202cca
In base 6, what is -34314 + -5533?
-44251
In base 15, what is 3 - -48e7e?
48e82
In base 4, what is -10 + -13123330020?
-13123330030
In base 12, what is -83a + -2918?
-3556
In base 14, what is -455ac - 4d1?
-45a9d
In base 9, what is 3 - -773546510?
773546513
In base 3, what is -21112011000020200 + -12?
-21112011000020212
In base 6, what is 151004113 + 101?
151004214
In base 2, what is -100111011 + 101001110110010001?
101001110001010110
In base 3, what is 10120020100221210022 - -10?
10120020100221210102
In base 10, what is -57 + -53058?
-53115
In base 3, what is -2010020122 + 22100?
-2002221022
In base 10, what is 124280 - 242?
124038
In base 11, what is -515 - -1a843?
1a329
In base 6, what is 22455 - -2040?
24535
In base 16, what is -167219 + -1?
-16721a
In base 7, what is -321 + -4653411?
-4654032
In base 14, what is -1b4 + 2a9c8b?
2a9ab7
In base 15, what is 65b - -1eaa7?
20213
In base 8, what is 2607 - 33067?
-30260
In base 3, what is -1202112110 + 210012112?
-222022221
In base 5, what is 1413 - 22222302?
-22220334
In base 8, what is -621147 + -1321?
-622470
In base 14, what is -8b6b2b - 2?
-8b6b2d
In base 8, what is -244146536 + 0?
-244146536
In base 5, what is 2400444440 + -131?
2400444304
In base 16, what is -c - -30370?
30364
In base 10, what is 5 - 28283186?
-28283181
In base 16, what is 9421 + -e2?
933f
In base 2, what is -110010001101 + -101000000010000100?
-101000110100010001
In base 12, what is -116 + 8462?
8348
In base 2, what is 110101100 + -10111111110011?
-10111001000111
In base 10, what is 5 + 13308474?
13308479
In base 15, what is 177 + 38ed?
3a75
In 